be o(-5). What is the greatest common divisor of n and 35?
35
Let u be (6/3)/2 - 0. Suppose 3*f - u = 23. Let n be ((-1)/2)/((-1)/16). Calculate the highest common factor of n and f.
8
Suppose 0 = -f - 5*b + 29, 3*f - 45 = -2*b + 16. Suppose -2*v = 5*s - 12 - 18, -v = 3*s - f. Calculate the highest common divisor of s and 8.
8
Let w be (-1 - -4)*2/6. Let d = 7 + -6. Calculate the highest common factor of d and w.
1
Let q = 4 - 0. Let t(o) = -o**2 + q*o**2 - 4*o**2 - 5 - 1 + 11*o. Let k be t(9). Calculate the greatest common factor of k and 132.
12
Let o = 12 + -5. Suppose 30 = o*c - 2*c. Let p be 48/(-40)*10/(-3). Calculate the highest common factor of c and p.
2
Let i = 93 + -66. Let w = 1 + 2. Calculate the highest common factor of i and w.
3
Let m(u) = 3*u**2 + 8*u + 5. Let f be m(-5). Suppose 0 = z - 5*n - 35, -2*z - 2*n + 10 = -0*z. What is the greatest common factor of z and f?
10
Let k(m) = -4*m - 10. Let f be k(-4). Calculate the highest common factor of f and 54.
6
Suppose 54*u = 51*u + 30. What is the greatest common factor of 60 and u?
10
Let r be (-4)/6 - 100/(-15). What is the highest common factor of 30 and r?
6
Let g(d) = 41*d - 20. Let f be g(4). What is the greatest common factor of 16 and f?
16
Let u(j) = 99*j**2 + j - 1. Let i be u(1). Suppose v + 4*y = 4*v + 15, 0 = y + 3. Let k = 20 + v. Calculate the greatest common factor of i and k.
11
Let a = 103 - 48. Suppose -3*i = 8*x - 3*x - a, 0 = 4*i - 5*x - 15. Calculate the highest common factor of i and 90.
10
Let a = -6 - -5. Let k(m) = -9*m**3 + 2*m + 1. Let x be k(a). Calculate the greatest common divisor of x and 2.
2
Let x = -10 - -22. What is the greatest common divisor of 4 and x?
4
Suppose 0 = -6*b + 3*b + 78. What is the greatest common factor of b and 104?
26
Suppose -3*n - y = -95, 0*n + y = 4*n - 122. Suppose 0 = -5*r + 409 + 676. Calculate the greatest common factor of r and n.
31
Let b(x) = -x**3 + x**2 - 2*x + 3. Let r be b(2). Suppose -4*f = 1663 + 317. Let v be (-1)/r + f/(-25). Calculate the greatest common factor of v and 10.
10
Suppose 81 + 127 = v - m, -5*v + 1005 = 2*m. Suppose 5*n = x - 52, 5*x - 2*n - v = -58. Calculate the greatest common factor of x and 81.
27
Suppose 20 = f + 12. Calculate the greatest common factor of 24 and f.
8
Suppose 9 = 2*q + 3*v, -4*q + 5*v - 15 = -2*q. Suppose -5*d + 109 = -4*z, -d + 19 = -q*z + 2*z. What is the greatest common factor of 14 and d?
7
Let z be ((-4)/(-6))/(5/105). What is the highest common divisor of 14 and z?
14
Suppose 0 = -r + 3*r. Suppose 0 = -r*w + w - 25. Calculate the greatest common factor of w and 5.
5
Let i(g) be the second derivative of g**4/6 - g**3/6 + 5*g**2/2 + g. Let b be i(-7). What is the highest common factor of b and 44?
22
Let g = -123 - -195. Let w be (1 + (-2)/8)*32. Let l be 2/3*w + 2. What is the highest common divisor of g and l?
18
Let t be (-1 + -161)*(1 + -2). Suppose -7*i + 2*i + 42 = -2*q, 3*q - 5*i + 68 = 0. Let l = q + 44. Calculate the greatest common factor of t and l.
18
Suppose -4*y + 150 = 4*v - 2*y, 0 = -v - 5*y + 51. Let i be -2 + (2 - 2) + 20. Calculate the greatest common factor of v and i.
18
Let k = 43 + -15. Suppose -5*n - 2*q = 32, n - 5*q = -3*n - 52. Let y be (-110)/n - (-1)/4. What is the greatest common divisor of k and y?
14
Let z be 2/(-5) + 47/5. Let u(y) = 45*y**3 - y + 1. Let j be u(1). What is the highest common factor of z and j?
9
Let r(o) = o**3 + 10*o**2 + 5*o + 9. Let z be r(-9). What is the greatest common divisor of 9 and z?
9
Suppose -1 = 2*a - 5. Suppose s = -2*o + 18, 4*s + a*o - 3*o = 72. Calculate the greatest common factor of 6 and s.
6
Let i(k) = k**3 - k + 1. Let n = 7 - 7. Let t be i(n). Calculate the greatest common divisor of 5 and t.
1
Suppose -1 = g + 2*v, -2*g = -4*v + v - 19. Let k = g + -2. What is the highest common factor of 1 and k?
1
Suppose 54 = 5*x - l, -4*x + 3*l - 8 = -60. What is the greatest common divisor of x and 110?
10
Suppose -4*g + 7*g + 3*b - 21 = 0, -2*b = 4*g - 22. Calculate the greatest common factor of 32 and g.
4
Suppose 0 = -16*r + 18*r - 16. What is the greatest common factor of 2 and r?
2
Suppose 221 - 32 = 3*r. Let x be -3 + 0 + 3 - -35. Suppose -2*k + 6 = 0, -5*k - x + 14 = -4*t. Calculate the highest common factor of r and t.
9
Let s(f) = -f**3 - f**2 + 3*f + 2. Let a be s(-2). Suppose -2*v + 4*v - 26 = a. Calculate the greatest common factor of v and 52.
13
Suppose 2*k + 0 - 4 = 0. Suppose k*q = -4*g + 61 + 85, 0 = -4*g + 2*q + 158. What is the greatest common divisor of g and 19?
19
Suppose 0 = r - 97 + 20. Calculate the highest common factor of 33 and r.
11
Let g = 15 - -7. Calculate the highest common divisor of 242 and g.
22
Let v = 83 - -47. Let l = v + -80. What is the greatest common factor of 10 and l?
10
Let h be 5*(2 + (11 - 0)). Suppose -4*i = -4*o + 47 + h, i - 112 = -4*o. Let l = -17 + o. Calculate the highest common divisor of 1 and l.
1
Let h = -7 + 12. Let l(a) = -a**3 + 5*a**2 + 7*a. Let k be l(h). Let c(n) = 5*n**2 + 3*n. Let m be c(-2). Calculate the greatest common divisor of m and k.
7
Let l(x) = -8*x - 36. Let v be l(-8). Suppose -2*j - 28 = -6*j. Suppose -90 = -5*n + 5*g, -3*n + 31 = g - j. Calculate the greatest common divisor of n and v.
14
Let j(z) = 9*z + 1. Let r be j(3). Let q = r - 16. What is the highest common divisor of 120 and q?
12
Let b be 335/15 + (-1)/3. Suppose d = 3*r - 5*r + 2, r + 4*d + 6 = 0. What is the greatest common divisor of b and r?
2
Suppose 5*x - 162 = -u, 0 = -u + 4*u + 5*x - 536. What is the highest common factor of 17 and u?
17
Let i(w) = 124*w**2 + 1. Let u be i(1). Suppose -4*s = -2*s + 5*z - u, 4*s = z + 217. What is the highest common divisor of s and 22?
11
Suppose -2*y - 4 = 2. Let l be 2 - -11 - (-2 - y). Let j = 44 + l. Calculate the greatest common factor of j and 7.
7
Let b(u) = -u**3 - 9*u**2 - 4*u - 9. Let y be b(-9). What is the highest common divisor of 18 and y?
9
Let x be (-7 - -5)/((-2)/(-10)). Let w be (24/x - -2)*-340. Let p be 17 + (4/(-4) - -1). Calculate the greatest common factor of p and w.
17
Let c be (4 - (2 + -15)) + 0 + -1. What is the highest common factor of 8 and c?
8
Let b(j) = j**3 - 3*j**2 + 5*j - 3. Let o be b(3). Let a be 14/1 + 2 + -4. What is the greatest common divisor of a and o?
12
Let c be 1/4 - 142/(-8). Calculate the highest common factor of c and 18.
18
Let a(y) = 6*y**3 - 7*y + 4. Let v be a(3). What is the highest common factor of 5 and v?
5
Let h = 2 + 0. Let x(r) = -6*r**2 - 7 + 2*r - r - 3*r + 9*r**h. Let g be x(7). What is the greatest common factor of 18 and g?
18
Suppose y = -4*y + 210. Suppose 5*x - n = 3, -n + 4 = -2*x + 2*n. Let k be x/(-2)*(-3 - 53). Calculate the highest common divisor of y and k.
14
Suppose 0 = 2*b - 7*b + 3*k + 126, 2*k - 116 = -5*b. Let d = b + -17. Calculate the greatest common divisor of 14 and d.
7
Suppose 4*o - 202 = 150. Let w = -3 - -14. What is the highest common divisor of w and o?
11
Let b(s) = -s**3 - s**2 + 2. Let g be b(0). Suppose 4*f - g*f = 36. What is the highest common divisor of 6 and f?
6
Let s(u) = -6*u - 8. Let r be s(-4). What is the highest common divisor of r and 24?
8
Suppose 0 = 4*d + t - 14, 3 + 5 = 2*d + t. Suppose 0*w = -d*w + 9. Let n be 12/(-10)*((-74)/4 - -1). What is the greatest common factor of w and n?
3
Suppose 4*a = 2*b - 28, 5*b = -4*a + 51 + 61. Suppose 0 = -2*u + m + 13, -14*u + 2*m - 10 = -19*u. What is the highest common factor of u and b?
4
Let f(z) = 2*z**2 - 2*z + 1. Let q be f(1). Suppose 4*o = -2*h - 3 - q, 0 = -3*o - 6. What is the highest common divisor of 3 and h?
1
Let o = 580 + -161. Suppose 5*h - o - 76 = 0. Calculate the greatest common divisor of h and 11.
11
Let u = -12 - -24. Suppose -3*p - 2*v = -318, 2*v = -2*p + v + 213. What is the highest common divisor of u and p?
12
Suppose 1 = 3*s - 2. What is the greatest common factor of 8 and s?
1
Suppose 540 + 216 = 2*g. Suppose 2*h - g = -h. Let j be 6/(((-4)/(-6))/2). Calculate the greatest common divisor of j and h.
18
Suppose p + 9 = 2*r, 8*r + 15 = 3*r - 5*p. Let w be (0 + -2)/(2/(-2)). What is the greatest common factor of r and w?
2
Let i(n) = 2*n**2 + 5*n + 2. Let l be i(-2). Let j = 8 + l. What is the greatest common divisor of j and 4?
4
Suppose -27*a = -30